e remainder when (2 + -112 + z)/(-1) is divided by 54.
53
Let x = -6173 + 11527. Calculate the remainder when x is divided by 26.
24
Let w = -15 - -43. Let i = 63 - w. What is the remainder when (-7)/(28/(-12)) + i is divided by 13?
12
Let h = -909 - -423. Let c = h - -530. Calculate the remainder when -249*((-3)/(-9))/(-1) is divided by c.
39
Let x(h) = -12*h - 758. Calculate the remainder when 559 is divided by x(-66).
15
Suppose -5*b - 5*r + 854 = -531, 0 = -5*b + r + 1379. What is the remainder when b is divided by 122?
32
Calculate the remainder when 2/(-2)*-744 - (-38 + 42) is divided by 20.
0
Suppose 397 - 57 = 3*s - 5*m, 5*s + 3*m = 544. Let p = -86 + s. Calculate the remainder when 54 is divided by p.
6
Let k(x) = 160*x**2 - 78*x - 4. Calculate the remainder when k(-3) is divided by 274.
26
Let d(o) = -103*o**3 + 2*o**2 - 344*o - 1045. What is the remainder when d(-3) is divided by 24?
2
Suppose 11*z + 1645 = 18*z. Let s = 276 - z. Calculate the remainder when 77 is divided by s.
36
What is the remainder when ((-3064)/(-1915))/((-2)/(-835)) is divided by 221?
5
Let j(o) be the third derivative of o**5/30 - o**4/8 + 13*o**3/2 + 133*o**2. What is the remainder when j(8) is divided by 40?
23
Let o = 1433 + -604. Let v = -804 + o. Calculate the remainder when 223 is divided by v.
23
Suppose -5*o - 4*d = -632, -2*o - o + 380 = 2*d. Suppose -7*c + o = -439. Let v = -5 + 17. Calculate the remainder when c is divided by v.
9
Suppose 2086 = 4*v - 634. Let l be (-2)/13 - v/(-26). Let g = 55 - l. What is the remainder when 54 is divided by g?
25
Suppose 8*o - 3171 = 1654 - 1305. What is the remainder when o is divided by 13?
11
Let j(h) = -h**2 + 5*h + 4. Let a be j(0). Suppose 5*g - f = 197, 2*g - 203 = -3*g + a*f. Suppose 0*y = -y + 76. What is the remainder when y is divided by g?
37
Suppose -198 = -2*a - 16*a. Suppose -j - 3*n + 21 = 0, -5*j + 63 = 12*n - a*n. Calculate the remainder when 82 is divided by j.
10
Let z be (-4)/14 - 2/(70/(-45)). Suppose 0 = -2*h + 39 + z. What is the remainder when (2 - 3)*476/(-4) is divided by h?
19
Suppose 4*z - 84 = 3*l, -4*z - 4*l + 35 + 21 = 0. Calculate the remainder when 845 is divided by z.
17
Let k(h) = -9*h. Let i be k(0). Let c(x) = -x**2 + 3*x + 21. Calculate the remainder when ((-154)/8)/(2/(-8)) is divided by c(i).
14
Suppose 0 = -1797*n + 1560*n + 3081. Calculate the remainder when 99 is divided by n.
8
Let l(a) = a**3 + 11*a**2 + 15*a + 79. Suppose 8 = 2*h, -3*d + 8*h - 9*h - 26 = 0. What is the remainder when l(d) is divided by 6?
5
Let k be (-5928)/90 + 12/90*-1. Let b = 188 + k. Calculate the remainder when b is divided by 25.
22
Suppose -6*b - 28 + 244 = 0. What is the remainder when b is divided by 7?
1
Let b(d) = d**2 - 30*d - 159. Let j(g) = 23*g - 10. Let c be j(2). Calculate the remainder when b(c) is divided by 20.
17
Let l = -5085 - -5970. What is the remainder when 2656 is divided by l?
1
Suppose 0 = 64*r - 139*r + 8550. What is the remainder when 2161 is divided by r?
109
Calculate the remainder when 6033 is divided by (-21)/(-175)*-5*-55.
27
Suppose -168 = 7*p - 84. Calculate the remainder when -3*(-4 + (76/p - 1)) is divided by 18.
16
Suppose z + 3 - 73 = 16. What is the remainder when 3263 is divided by z?
81
What is the remainder when (7 + 60/(-8))*-4*23 is divided by 5?
1
Let y be ((-3)/9)/((-5)/(-615)). Let t = -22 - y. Calculate the remainder when ((-3)/(-1) - 0) + 69 is divided by t.
15
Suppose -2*f = 5*o - 364, 5*f + o - 533 = 2*f. Calculate the remainder when f is divided by ((-90)/(-4))/(9/12).
27
Suppose -2 = 4*w - 14. Suppose -2*h = w*z - 8, 1 = 3*z + 5*h - 1. What is the remainder when 9*((-20)/(-21) + (-8)/28) is divided by z?
2
Let z = 305 - 144. Let v(h) = h**2 - 3*h - 13. Calculate the remainder when (z/(-49) - -3) + (-594)/(-21) is divided by v(6).
3
Suppose -20 = 2*u - 34, -11*i = -4*u - 6022. What is the remainder when 1100 is divided by i?
0
Suppose 7 = v - a, -11*a + 7*a - 25 = -3*v. Suppose 0 = u + 2*c - 10, v*u + c = 4*u - 10. Calculate the remainder when 108 is divided by u.
8
Let x = -17 + 20. Calculate the remainder when ((-15)/2)/(-5)*28/x is divided by (-230)/(-26) + (-6)/(-39).
5
Let l = 10 + 13. Suppose 2*a + f - 10 + 1 = 0, -2*a = 4*f. Calculate the remainder when (-52*a/36)/((-4)/42) is divided by l.
22
Let a(k) = k**2 - 6*k - 9. What is the remainder when 22 is divided by a(-2)?
1
Calculate the remainder when 1328 is divided by (-88)/(-616) + 265*(-1)/(-7).
36
Suppose 7*r + 2*r - 27616 = -7*r. What is the remainder when r is divided by 10?
6
Suppose -6*m + 1085 = 25*m. Let s = 427 - 418. What is the remainder when m is divided by s?
8
What is the remainder when 130 is divided by 26 + ((-14)/(-35))/(8/(-40))?
10
Suppose 15*f - 19*f = -8. Suppose o - f = 8. Calculate the remainder when 15 is divided by o.
5
Suppose 0 = -4*i - d - 0*d + 99, -i + 36 = -2*d. Suppose 16*t + 1432 = 4*f + 12*t, -4*f + 1434 = -3*t. What is the remainder when f is divided by i?
22
Suppose 3171 = 12*s - 0 - 2049. Calculate the remainder when s is divided by 20.
15
Let x be (-240)/7 + ((-200)/35 - -6). Let a = x - -54. Calculate the remainder when 34 is divided by a.
14
Let q(s) = 118*s - 238*s + 139*s + 8. Let p be q(-2). What is the remainder when 70 is divided by (-33)/1*20/p?
4
Let w = 38 - -51. Suppose -14*b - 17 = -59. Suppose 0 = -2*f + 2*q + 29 + 1, -47 = -b*f + 4*q. Calculate the remainder when w is divided by f.
11
Let i be -1*1/(-5) - (-616)/220. Suppose -4*y + 171 = 67. Calculate the remainder when y is divided by (-20)/(3 - 5) - (i + -2).
8
Let z be (1/(-2))/1 - (-410)/4. What is the remainder when ((-6)/(-8))/(z/96 + -1) is divided by 8?
4
Let g(z) = 5*z**3 - 50*z**2 + 69*z - 517. What is the remainder when g(14) is divided by 81?
76
Let q(w) = -w**3 + 10*w**2 + 67*w - 605. Calculate the remainder when 256 is divided by q(7).
3
What is the remainder when 370 is divided by 1 + (-66)/(-7) - ((-60)/(-42) - 2)?
7
Suppose 5*y - 4*z = 2*y - 38, -3*z - 14 = 2*y. Let r(b) = -b**3 - 10*b**2 - 2*b + 14. Calculate the remainder when r(y) is divided by 23.
11
Suppose 561*x - 366*x = 1365. Calculate the remainder when 2210 is divided by x.
5
Let x(b) = -12 + 10*b - 12 - 18*b - 3 + 86*b. What is the remainder when x(2) is divided by 50?
29
Let q = -3896 - -3923. Calculate the remainder when 175 is divided by q.
13
Let q(w) = 3*w - 32. Let s be q(12). What is the remainder when (-14928)/84*(-14)/s is divided by 89?
88
Suppose -2*d = -4*l - 44, 0*d + 4*d + 5*l = 23. Suppose 8*h - 325 = 6*h + v, 2*h + v = 339. Calculate the remainder when h is divided by d.
10
Suppose -2*p + 54 = 4*a, 106*a + 75 = 2*p + 103*a. What is the remainder when 1121 is divided by p?
32
Let f(s) = s**3 - 15*s**2 - 71*s + 36. Let c(t) = 5*t + 149. Let b be c(-26). What is the remainder when f(b) is divided by 12?
11
Let p = 403 + -389. Suppose 210 = -3*u - 2*u. Let l = u + 82. What is the remainder when l is divided by p?
12
Suppose -5*t + 4565 = 5*k, -18*k + t + 2739 = -15*k. Calculate the remainder when k is divided by 102.
97
Let l(h) = -7*h - 32. Suppose -10 = -n + 2*n - r, -5*n - 50 = -2*r. Let c be l(n). Let u = 92 - c. Calculate the remainder when u is divided by 14.
12
Let x = 319 + -328. Suppose -244 = -5*w + 2*c - 43, 4*w - 4*c = 168. Calculate the remainder when w is divided by ((-33)/x)/(10/(-6) + 2).
6
Let l be 7 - (1 + -1)/2. Suppose -4*h + 3*d + 32 = l, 5*h = -2*d + 14. Suppose -h*m + 31 = 3. What is the remainder when 18 is divided by m?
4
Let b(d) = d - 1. Let l be b(11). Suppose 2*p + 4*m = 24, -5*p - m + 5 + l = 0. Let g(h) = -2*h + 16. Calculate the remainder when g(p) is divided by 8.
4
Suppose 4*a - 2521 = -2*n - 261, 3*a + 2295 = 2*n. What is the remainder when n is divided by 26?
22
Let b(g) = 1206*g + 1212*g - 2420*g + 14. Suppose 5*v + y = 31, -3*v - 3*y = -14 - 7. Calculate the remainder when 11 is divided by b(v).
1
Suppose 0 = 9*h - 8*h + 4*i - 737, -h = 2*i - 737. What is the remainder when h is divided by 25?
12
Let r(c) = -4*c**2 + 68*c - 97. Calculate the remainder when 367 is divided by r(15).
22
Suppose -2*y - 3*v = -4, 2*y + 4 = 3*y + v. What is the remainder when 35 is divided by (-9 - (-100)/(-12))*(-6)/y?
9
Let d(l) = 3*l**2 - 4*l + 4. Let u be d(2). Suppose -u